{"id":25,"date":"2015-06-14T17:02:28","date_gmt":"2015-06-14T17:02:28","guid":{"rendered":"http:\/\/didluzet.wordpress.com\/?page_id=1"},"modified":"2021-01-21T18:37:12","modified_gmt":"2021-01-21T18:37:12","slug":"a-propos","status":"publish","type":"page","link":"http:\/\/dluzet0001.mutu.firstheberg.net\/sitehgwp\/","title":{"rendered":""},"content":{"rendered":"<p><img loading=\"lazy\" class=\" wp-image-356 alignleft\" src=\"http:\/\/dluzet0001.mutu.firstheberg.net\/sitehgwp\/wp-content\/uploads\/2021\/01\/logo3.jpg\" alt=\"\" width=\"159\" height=\"135\" \/><\/p>\n<p>Vous trouverez ici quelques ressources p\u00e9dagogiques en Histoire, G\u00e9ographie , E.M.C. Elles correspondent aux programmes de lyc\u00e9e \u00e0 partir de 2019-2020.<br \/>\nCe site est aliment\u00e9 plus ou moins r\u00e9guli\u00e8rement en fonction du temps disponible&#8230;<br \/>\nDidier Luzet<\/p>\n","protected":false},"excerpt":{"rendered":"<p>Vous trouverez ici quelques ressources p\u00e9dagogiques en Histoire, G\u00e9ographie , E.M.C. Elles correspondent aux programmes de lyc\u00e9e \u00e0 partir de 2019-2020. Ce site est aliment\u00e9 plus ou moins r\u00e9guli\u00e8rement en fonction du temps disponible&#8230; Didier Luzet<\/p>\n","protected":false},"author":2,"featured_media":0,"parent":0,"menu_order":0,"comment_status":"open","ping_status":"open","template":"","meta":[],"yoast_head":"<!-- This site is optimized with the Yoast SEO plugin v15.6.2 - https:\/\/yoast.com\/wordpress\/plugins\/seo\/ -->\n<title>- Site histoire g\u00e9ographie Lyc\u00e9e Didier Luzet<\/title>\n<meta name=\"description\" content=\"Didier Luzet Site Histoire g\u00e9ographie Les Haberges Vesoul\" \/>\n<meta name=\"robots\" content=\"index, follow, max-snippet:-1, max-image-preview:large, max-video-preview:-1\" \/>\n<link rel=\"canonical\" href=\"http:\/\/dluzet0001.mutu.firstheberg.net\/sitehgwp\/\" \/>\n<meta property=\"og:locale\" content=\"fr_FR\" \/>\n<meta property=\"og:type\" content=\"article\" \/>\n<meta property=\"og:title\" content=\"- Site histoire g\u00e9ographie Lyc\u00e9e Didier Luzet\" \/>\n<meta property=\"og:description\" content=\"Didier Luzet Site Histoire g\u00e9ographie Les Haberges Vesoul\" \/>\n<meta property=\"og:url\" content=\"http:\/\/dluzet0001.mutu.firstheberg.net\/sitehgwp\/\" \/>\n<meta property=\"og:site_name\" content=\"Site histoire g\u00e9ographie Lyc\u00e9e Didier Luzet\" \/>\n<meta property=\"article:modified_time\" content=\"2021-01-21T18:37:12+00:00\" \/>\n<meta property=\"og:image\" content=\"http:\/\/dluzet0001.mutu.firstheberg.net\/sitehgwp\/wp-content\/uploads\/2021\/01\/logo3.jpg\" \/>\n<meta name=\"twitter:card\" content=\"summary_large_image\" \/>\n<meta name=\"twitter:label1\" content=\"Dur\u00e9e de lecture est.\">\n\t<meta name=\"twitter:data1\" content=\"1 minute\">\n<script type=\"application\/ld+json\" class=\"yoast-schema-graph\">{\"@context\":\"https:\/\/schema.org\",\"@graph\":[{\"@type\":\"Organization\",\"@id\":\"http:\/\/dluzet0001.mutu.firstheberg.net\/sitehgwp\/#organization\",\"name\":\"Didier Luzet\",\"url\":\"http:\/\/dluzet0001.mutu.firstheberg.net\/sitehgwp\/\",\"sameAs\":[],\"logo\":{\"@type\":\"ImageObject\",\"@id\":\"http:\/\/dluzet0001.mutu.firstheberg.net\/sitehgwp\/#logo\",\"inLanguage\":\"fr-FR\",\"url\":\"http:\/\/dluzet0001.mutu.firstheberg.net\/sitehgwp\/wp-content\/uploads\/2021\/01\/cropped-logo.jpg\",\"width\":49,\"height\":50,\"caption\":\"Didier Luzet\"},\"image\":{\"@id\":\"http:\/\/dluzet0001.mutu.firstheberg.net\/sitehgwp\/#logo\"}},{\"@type\":\"WebSite\",\"@id\":\"http:\/\/dluzet0001.mutu.firstheberg.net\/sitehgwp\/#website\",\"url\":\"http:\/\/dluzet0001.mutu.firstheberg.net\/sitehgwp\/\",\"name\":\"Site histoire g\\u00e9ographie Lyc\\u00e9e Didier Luzet\",\"description\":\"Vous trouverez ici quelques ressources p\\u00e9dagogiques en Histoire, G\\u00e9ographie , E.M.C correspondants aux programmes de lyc\\u00e9e \\u00e0 partir de 2019-2020. Ce site est aliment\\u00e9 plus ou moins r\\u00e9guli\\u00e8rement en fonction du temps disponible\\u2026\",\"publisher\":{\"@id\":\"http:\/\/dluzet0001.mutu.firstheberg.net\/sitehgwp\/#organization\"},\"potentialAction\":[{\"@type\":\"SearchAction\",\"target\":\"http:\/\/dluzet0001.mutu.firstheberg.net\/sitehgwp\/?s={search_term_string}\",\"query-input\":\"required name=search_term_string\"}],\"inLanguage\":\"fr-FR\"},{\"@type\":\"ImageObject\",\"@id\":\"http:\/\/dluzet0001.mutu.firstheberg.net\/sitehgwp\/#primaryimage\",\"inLanguage\":\"fr-FR\",\"url\":\"http:\/\/dluzet0001.mutu.firstheberg.net\/sitehgwp\/wp-content\/uploads\/2021\/01\/logo3.jpg\",\"width\":215,\"height\":167},{\"@type\":\"WebPage\",\"@id\":\"http:\/\/dluzet0001.mutu.firstheberg.net\/sitehgwp\/#webpage\",\"url\":\"http:\/\/dluzet0001.mutu.firstheberg.net\/sitehgwp\/\",\"name\":\"- Site histoire g\\u00e9ographie Lyc\\u00e9e Didier Luzet\",\"isPartOf\":{\"@id\":\"http:\/\/dluzet0001.mutu.firstheberg.net\/sitehgwp\/#website\"},\"primaryImageOfPage\":{\"@id\":\"http:\/\/dluzet0001.mutu.firstheberg.net\/sitehgwp\/#primaryimage\"},\"datePublished\":\"2015-06-14T17:02:28+00:00\",\"dateModified\":\"2021-01-21T18:37:12+00:00\",\"description\":\"Didier Luzet Site Histoire g\\u00e9ographie Les Haberges Vesoul\",\"inLanguage\":\"fr-FR\",\"potentialAction\":[{\"@type\":\"ReadAction\",\"target\":[\"http:\/\/dluzet0001.mutu.firstheberg.net\/sitehgwp\/\"]}]}]}<\/script>\n<!-- \/ Yoast SEO plugin. -->","_links":{"self":[{"href":"http:\/\/dluzet0001.mutu.firstheberg.net\/sitehgwp\/wp-json\/wp\/v2\/pages\/25"}],"collection":[{"href":"http:\/\/dluzet0001.mutu.firstheberg.net\/sitehgwp\/wp-json\/wp\/v2\/pages"}],"about":[{"href":"http:\/\/dluzet0001.mutu.firstheberg.net\/sitehgwp\/wp-json\/wp\/v2\/types\/page"}],"author":[{"embeddable":true,"href":"http:\/\/dluzet0001.mutu.firstheberg.net\/sitehgwp\/wp-json\/wp\/v2\/users\/2"}],"replies":[{"embeddable":true,"href":"http:\/\/dluzet0001.mutu.firstheberg.net\/sitehgwp\/wp-json\/wp\/v2\/comments?post=25"}],"version-history":[{"count":9,"href":"http:\/\/dluzet0001.mutu.firstheberg.net\/sitehgwp\/wp-json\/wp\/v2\/pages\/25\/revisions"}],"predecessor-version":[{"id":423,"href":"http:\/\/dluzet0001.mutu.firstheberg.net\/sitehgwp\/wp-json\/wp\/v2\/pages\/25\/revisions\/423"}],"wp:attachment":[{"href":"http:\/\/dluzet0001.mutu.firstheberg.net\/sitehgwp\/wp-json\/wp\/v2\/media?parent=25"}],"curies":[{"name":"wp","href":"https:\/\/api.w.org\/{rel}","templated":true}]}}